t of 827?
8
What is the units digit of 13396?
6
What is the hundreds digit of 4218?
2
What is the tens digit of 8338?
3
What is the units digit of 2773?
3
What is the thousands digit of 28452?
8
What is the tens digit of 2831?
3
What is the hundreds digit of 7445?
4
What is the units digit of 7587?
7
What is the thousands digit of 104483?
4
What is the tens digit of 821?
2
What is the tens digit of 54895?
9
What is the hundreds digit of 38090?
0
What is the hundreds digit of 2230?
2
What is the thousands digit of 123524?
3
What is the hundreds digit of 3319?
3
What is the hundreds digit of 1426?
4
What is the thousands digit of 1158?
1
What is the tens digit of 14?
1
What is the tens digit of 4537?
3
What is the hundred thousands digit of 158364?
1
What is the hundreds digit of 3841?
8
What is the units digit of 23?
3
What is the hundreds digit of 900?
9
What is the thousands digit of 15930?
5
What is the ten thousands digit of 80456?
8
What is the tens digit of 16163?
6
What is the ten thousands digit of 18910?
1
What is the units digit of 1525?
5
What is the thousands digit of 8522?
8
What is the ten thousands digit of 25588?
2
What is the ten thousands digit of 29818?
2
What is the thousands digit of 170164?
0
What is the thousands digit of 1469?
1
What is the ten thousands digit of 75480?
7
What is the units digit of 9151?
1
What is the tens digit of 9591?
9
What is the units digit of 11990?
0
What is the thousands digit of 1921?
1
What is the thousands digit of 105240?
5
What is the hundreds digit of 1530?
5
What is the hundreds digit of 13133?
1
What is the units digit of 50400?
0
What is the units digit of 41151?
1
What is the units digit of 87308?
8
What is the thousands digit of 10623?
0
What is the tens digit of 54099?
9
What is the hundreds digit of 4218?
2
What is the thousands digit of 37966?
7
What is the units digit of 371?
1
What is the units digit of 90741?
1
What is the tens digit of 92273?
7
What is the hundreds digit of 64786?
7
What is the hundreds digit of 26595?
5
What is the units digit of 37889?
9
What is the tens digit of 884?
8
What is the hundreds digit of 2526?
5
What is the hundreds digit of 39710?
7
What is the ten thousands digit of 11989?
1
What is the units digit of 18447?
7
What is the units digit of 157?
7
What is the tens digit of 63?
6
What is the hundreds digit of 16454?
4
What is the ten thousands digit of 84393?
8
What is the tens digit of 4764?
6
What is the tens digit of 10600?
0
What is the tens digit of 1699?
9
What is the units digit of 407?
7
What is the units digit of 700?
0
What is the units digit of 2664?
4
What is the hundreds digit of 1795?
7
What is the units digit of 488?
8
What is the tens digit of 35923?
2
What is the hundreds digit of 54348?
3
What is the units digit of 30951?
1
What is the tens digit of 1312?
1
What is the units digit of 4668?
8
What is the hundreds digit of 51661?
6
What is the tens digit of 126?
2
What is the hundred thousands digit of 131932?
1
What is the units digit of 328?
8
What is the tens digit of 5876?
7
What is the ten thousands digit of 15827?
1
What is the tens digit of 128093?
9
What is the units digit of 5782?
2
What is the units digit of 3949?
9
What is the hundreds digit of 1902?
9
What is the tens digit of 126428?
2
What is the tens digit of 37517?
1
What is the tens digit of 958?
5
What is the units digit of 1842?
2
What is the hundreds digit of 160?
1
What is the tens digit of 14329?
2
What is the hundreds digit of 744?
7
What is the thousands digit of 3070?
3
What is the hundreds digit of 14557?
5
What is the thousands digit of 59725?
9
What is the thousands digit of 6786?
6
What is the tens digit of 1233?
3
What is the units digit of 5685?
5
What is the thousands digit of 86669?
6
What is the thousands digit of 66894?
6
What is the thousands digit of 4905?
4
What is the tens digit of 5853?
5
What is the units digit of 3047?
7
What is the hundreds digit of 9696?
6
What is the hundreds digit of 433?
4
What is the ten thousands digit of 35615?
3
What is the tens digit of 48708?
0
What is the ten thousands digit of 17132?
1
What is the hundreds digit of 10865?
8
What is the units digit of 3809?
9
What is the thousands digit of 1123?
1
What is the tens digit of 175913?
1
What is the units digit of 591?
1
What is the units digit of 873?
3
What is the units digit of 5432?
2
What is the hundreds digit of 5056?
0
What is the tens digit of 17311?
1
What is the thousands digit of 8689?
8
What is the hundreds digit of 29085?
0
What is the thousands digit of 15503?
5
What is the tens digit of 158?
5
What is the hundreds digit of 760?
7
What is the thousands digit of 28771?
8
What is the units digit of 7150?
0
What is the ten thousands digit of 54704?
5
What is the thousands digit of 1287?
1
What is the tens digit of 2121?
2
What is the tens digit of 4440?
4
What is the units digit of 2453?
3
What is the hundreds digit of 4412?
4
What is the hundreds digit of 90233?
2
What is the thousands digit of 11577?
1
What is the hundreds digit of 2424?
4
What is the hundreds digit of 64572?
5
What is the units digit of 26289?
9
What is the hundreds digit of 202?
2
What is the hundreds digit of 755?
7
What is the thousands digit of 25790?
5
What is the tens digit of 79925?
2
What is the units digit of 57589?
9
What is the hundreds digit of 3279?
2
What is the tens digit of 51230?
3
What is the units digit of 1405?
5
What is the hundred thousands digit of 108968?
1
What is the tens digit of 3375?
7
What is the tens digit of 23411?
1
What is the tens digit of 8087?
8
What is the thousands digit of 60412?
0
What is the units digit of 6625?
5
What is the hundreds digit of 2789?
7
What is the thousands digit of 65978?
5
What is the tens digit of 1145?
4
What is the hundreds digit of 29270?
2
What is the tens digit of 409?
0
What is the thousands digit of 1497?
1
What is the hundreds digit of 5967?
9
What is the thousands digit of 11892?
1
What is the hundred thousands digit of 166581?
1
What is the tens digit of 258?
5
What is the hundreds digit of 770?
7
What is the thousands digit of 2482?
2
What is the units digit of 15?
5
What is the units digit of 819?
9
What is the thousands digit of 1240?
1
What is the units digit of 1479?
9
What is the tens digit of 338?
3
What is the thousands digit of 71336?
1
What is the hundreds digit of 164?
1
What is the ten thousands digit of 40305?
4
What is the hundreds digit of 466?
4
What is the units digit of 5935?
5
What is the hundreds digit of 1354?
3
What is the tens digit of 1487?
8
What is the hundreds digit of 3663?
6
What is the tens digit of 24125?
2
What is the thousands digit of 1681?
1
What is the tens digit of 9560?
6
What is the hundreds digit of 5164?
1
What is the units digit of 35780?
0
What is the ten thousands digit of 30997?
3
What is the ten thousands digit of 81880?
8
What is the thousands digit of 2218?
2
What is the units digit of 3135?
5
What is the thousands digit of 4023?
4
What is the units digit of 3573?
3
What is the thousands digit of 5394?
5
What is the units digit of 174?
4
What is the hundreds digit of 618?
6
What is the tens digit of 7819?
1
What is the hundreds digit of 7251?
2
What is the tens digit of 12008?
0
What is the units digit of 89891?
1
What is the hundreds digit of 7489?
4
What is the hundreds digit of 19830?
8
What is the thousands digit of 39305?
9
What is the tens digit of 24898?
9
What is the hundreds digit of 779?
7
What is the thousands digit of 7048?
7
What is the hundreds digit of 322?
3
What is the ten thousands digit of 69710?
6
What is the hundreds digit of 1591?
5
What is the tens digit of 1164?
6
What is the tens digit of 1076?
7
What is the units digit of 13763?
3
What is the thousands digit of 1485?
1
What is the thousands digit of 98713?
8
What is the units digit of 3624?
4
What is the hundreds digit of 598?
5
What is the thousands digit of 8575?
8
What is the tens digit of 25864?
6
What is the hundreds digit of 14668?
6
What is the units digit of 16969?
9
What is the tens digit of 1439?
3
What is the units digit of 1432?
2
What is the hundreds digit of 4540?
5
What is the ten thousands digit of 78943?
7
What is the tens digit of 5632?
3
What is the tens digit of 8555?
5
Wh